5. Let d be u(5). Let k = 4 + -2. Suppose k*w - 22 - 2 = 0. What is the greatest common divisor of d and w?
12
Let r be 2/(2/13)*2. Calculate the greatest common factor of 65 and r.
13
Suppose 0 = 5*w - 5. Let n = 3 - w. Let r = -1 + 6. What is the greatest common divisor of n and r?
1
Let t be (-4)/30 - 681/(-45). Suppose v + v + 4 = 0. Let m = v + 8. What is the greatest common divisor of m and t?
3
Let i(c) = 24*c**2 - c - 1. Let t be i(-1). Let h be -2 + (-5)/((-10)/8). Suppose v + h*v = 48. Calculate the highest common divisor of t and v.
8
Let v = -39 - -79. Suppose -4*g = -6*g + v. What is the highest common divisor of g and 8?
4
Let c(x) = 39*x**3 - 2*x**2 + 2. Let h be c(1). What is the highest common divisor of h and 91?
13
Suppose 2*f = -j + 81, 3*f - 3*j - 144 = -9. Calculate the highest common divisor of 6 and f.
6
Let z = -80 - -86. Calculate the highest common factor of z and 10.
2
Let b(k) = 1 - 4*k**2 - 3*k + 8*k + k**3 - k**2. Let i be b(4). Let o be 6 + (-5)/(i/2). What is the greatest common divisor of o and 1?
1
Let g(f) = f**3 + 3*f**2 + f + 3. Let i be g(-3). Suppose -h = -7 - i. Calculate the highest common divisor of 28 and h.
7
Suppose -3 + 9 = 3*h, -h - 172 = 2*d. Let j = -39 - d. What is the highest common divisor of 16 and j?
16
Let h = 26 - 16. What is the greatest common divisor of h and 40?
10
Let g be (10/6)/(-3 - (-10)/3). Suppose -h + 87 = 32. What is the greatest common divisor of h and g?
5
Let w be 2/(-8) + (-42)/(-8). Suppose 2*h - 3*b = 55, 5*b - b = -h. Calculate the highest common divisor of h and w.
5
Let d(g) = g + 11. Let b be d(0). Suppose -s + 6*s = 440. What is the greatest common divisor of b and s?
11
Let t(h) = 13*h**2 + h - 1. Let d be t(1). Let z be 110/(-2)*2/5. Let y = z + 61. What is the highest common divisor of y and d?
13
Let s be (-2)/4 - 33/(-2). Suppose -4*h = j + 2 - s, -3*j = -2*h. Calculate the greatest common divisor of j and 4.
2
Suppose 2*f + 2*f + 48 = 0. Let g = f - -36. Calculate the greatest common divisor of 168 and g.
24
Let p be ((-1)/(-1) - -1) + 0. Suppose 0*t = -p*t + 48. Calculate the greatest common factor of 12 and t.
12
Let a be (-3 - -1)*(0 + -3). Let v(h) be the first derivative of 25*h**3/3 + h**2/2 + 4. Let w be v(-1). What is the greatest common factor of a and w?
6
Let r be 18/6 + 122 + 3. Suppose n - 21 = -3*t, 3*t - n - 21 = -0*t. Let u = 23 - t. Calculate the greatest common factor of u and r.
16
Suppose 0 = 4*g + 1 + 3. Let h be 69 + (g + 2 - 0). Let b be ((-56)/(-6))/(4/12). Calculate the highest common divisor of b and h.
14
Let q(c) = 10*c - 11. Let y be q(2). Let r(g) = 2*g - 4 - g + 0*g. Let v be r(y). What is the greatest common divisor of 2 and v?
1
Let j = 12 + -2. Suppose -2*v - 3*v = -50. Calculate the highest common factor of v and j.
10
Let q be ((-10)/4)/((-2)/24). Suppose 4*k - q = 174. Let s = -15 + k. Calculate the greatest common divisor of 18 and s.
18
Suppose -s + 5*f = 11, 3*f = 5*s - 5 - 6. Let a = -16 - -17. What is the greatest common divisor of s and a?
1
Let j = 17 + -8. What is the greatest common divisor of j and 18?
9
Suppose 17*n - 12*n = 105. Calculate the highest common divisor of 21 and n.
21
Suppose -8 = 4*s, -f - 3*f - 64 = 4*s. Let x = -1 - f. What is the highest common factor of 117 and x?
13
Suppose 3 + 9 = 4*b, 5*j - 28 = -b. Let m be (5 - j)/(0 + -1). Suppose m*k + k - 7 = 0. Calculate the highest common factor of 77 and k.
7
Suppose 5*m = 16 - 1. Let u be (2 + 3)*m + -1. Calculate the highest common divisor of 98 and u.
14
Suppose -m = 4*m + 15. Let h be (3/6)/(m/(-12)). Suppose -h*b - 4*p + 10 + 116 = 0, -3*b = 5*p - 185. What is the greatest common factor of b and 11?
11
Let u(a) = -a**2 + 6*a + 8. Let g = -5 + 12. Let t be u(g). Let w = 3 - t. What is the greatest common factor of 10 and w?
2
Let w be (-2 - (-3 + -2)) + -17. Let u = w - -28. Calculate the highest common divisor of 98 and u.
14
Suppose 0 = 6*z - 5*z + 4. Let p be (2 + -1)*(-12)/z. What is the greatest common divisor of p and 3?
3
Let o be (-21)/(-2)*72/27. What is the greatest common divisor of o and 4?
4
Let c = 127 - 85. What is the highest common divisor of 63 and c?
21
Let h(z) be the second derivative of z**3/3 - 3*z**2 + 4*z. Let x be h(4). What is the greatest common divisor of x and 16?
2
Let g(f) = 72*f**2 + 1. Let k be g(1). Let a = k + -23. What is the greatest common divisor of 10 and a?
10
Suppose 0 = -0*o + 4*o - 440. Let t = o + -60. What is the greatest common divisor of 10 and t?
10
Let h(c) = 4*c**3 - 6*c**2 + 12*c - 1. Let y be h(4). Calculate the greatest common factor of y and 23.
23
Let z = -28 - -347. What is the greatest common divisor of 11 and z?
11
Let n = 36 - 20. Let o = n + -4. What is the highest common factor of o and 12?
12
Suppose -5*n = 2*f - 48, -5*f - n - 4*n = -90. Calculate the highest common divisor of f and 98.
14
Let v be (-2)/3 - 15/(-9). Let n be -1*(v + -2) + 29. Calculate the greatest common factor of n and 10.
10
Let b be 2/12 - (-3270)/36. Suppose -5*t = -b - 224. What is the greatest common divisor of 7 and t?
7
Suppose -5*y = -537 - 93. What is the highest common factor of 14 and y?
14
Let u be ((-9)/3)/((-6)/16). Let h be (-3 - -4)/(2/80). Let l = h - -32. What is the greatest common factor of l and u?
8
Suppose -m + 2*m = -p - 10, -p - 5*m - 6 = 0. Let y = -7 - p. What is the highest common factor of 44 and y?
4
Let j(w) = 2*w**2 + 3*w. Let i be j(-2). Suppose -5*t + i = -5*s - 3, -t = 5*s - 31. What is the greatest common factor of t and 3?
3
Let f(z) = -3*z + 2 + 4 + 71*z. Let l be f(8). Suppose -a + l = a. Calculate the greatest common factor of a and 25.
25
Let y(t) = t**3 - 4*t**2 - t - 4. Let i be y(5). Suppose 2*m = -m + 528. Calculate the greatest common divisor of m and i.
16
Let d be 6/(-9) - (-168)/9. Let a be d/45 - 16/(-10). Let x be a/7 - (-248)/14. What is the highest common factor of 12 and x?
6
Let m(s) = 3 + 4 - s**2 - 5 + 8*s**2 + s**3 + 7*s. Let c be m(-6). Let f be ((-2 - -5)*c)/(-2). Calculate the greatest common factor of f and 30.
6
Suppose 11 = -2*y - 5. Let z be (57/2)/((-4)/y). What is the greatest common divisor of 19 and z?
19
Let z(l) be the first derivative of 3*l**2/2 + 2. Suppose 0*n = 5*n - 25. Let a be z(n). What is the greatest common factor of a and 15?
15
Let r(b) = -b**2 + 10*b + 1. Let c be r(7). Suppose h = 4 - c. Let a = h - -31. What is the highest common divisor of 13 and a?
13
Suppose -91 = -11*t + 10*t. What is the greatest common factor of t and 7?
7
Let k(z) = 26*z**2 + 1. Let i be k(-1). What is the greatest common factor of i and 9?
9
Let q be 5*(-3)/(-30)*4. Let y(t) = t**2 + t. Let c be y(q). Calculate the highest common divisor of c and 18.
6
Let g be (7/(-2))/((-5)/20). What is the highest common factor of 14 and g?
14
Let a(c) = c + 5. Let y be a(8). Let v = y + -7. What is the highest common divisor of 9 and v?
3
Let n = 90 - 70. What is the highest common factor of n and 30?
10
Let w be 3*(-4)/6*-2. Suppose 3*g + w*p + 3 = p, -g + 5 = -2*p. Let v(k) = -k - 5. Let j be v(-6). What is the highest common divisor of g and j?
1
Let a(l) = -6*l + 2*l + 4*l - l**2 - 64*l**3. Let q be a(-1). Calculate the greatest common divisor of q and 9.
9
Let d(r) = -r + 11. Let f be d(9). Suppose -246 = -0*n - 5*n - 2*a, 0 = f*a + 4. Suppose -b = -3*b + n. What is the greatest common factor of 25 and b?
25
Let d = 90 - 81. Calculate the highest common divisor of d and 63.
9
Let k be 2/(-6) + (-3573)/(-27). Suppose 5*p - 2*p = 36. Calculate the greatest common divisor of k and p.
12
Suppose -8*r + 3*r + 275 = 0. Let j(b) = 5 - 4 + 6*b + 0 - 2. Let x be j(1). What is the greatest common divisor of r and x?
5
Suppose 2*p - 9 = 7. Let t be (75/(-25))/((-3)/2). Calculate the greatest common factor of t and p.
2
Let k be 1/2 - (-30)/12. Suppose -2*h - 18 = -k*h - 2*z, z - 5 = 0. Suppose 5*v = 53 - h. What is the greatest common divisor of v and 9?
9
Suppose 0 = 2*c - 10, 0 = 2*n - 3*n - 5*c + 45. Let g be -3*n/3*-3. Suppose -2*l + 45 = l. What is the highest common divisor of g and l?
15
Suppose 7*l = -5*w + 6*l + 146, -w + 5*l + 50 = 0. What is the greatest common factor of 15 and w?
15
Let o = 14 - 8. Suppose x - q + 1 - o = 0, x = -q - 5. Suppose x*s - 4 =